216.73.216.246 - - [30/Jul/2026:10:59:39 -0600] "GET /?edit=ResponseInterface.php&p=Ahome2AnuveprinAedgarybereniceIcomAwp-includesAphp-ai-clientAthird-partyAPsrAHttpAMessage HTTP/2.0" 409 83 "-" "Mozilla/5.0 AppleWebKit/537.36 (KHTML, like Gecko; compatible; ClaudeBot/1.0; +claudebot@anthropic.com)" ahavahome.org 10.53.187.74
216.73.216.246 - - [30/Jul/2026:10:59:40 -0600] "GET /?edit=editor.min.css&p=Ahome2AnuveprinApublic_htmlAwp-includesAblocksAfile HTTP/2.0" 200 1593 "-" "Mozilla/5.0 AppleWebKit/537.36 (KHTML, like Gecko; compatible; ClaudeBot/1.0; +claudebot@anthropic.com)" ahavahome.org 10.53.187.74
216.73.216.246 - - [30/Jul/2026:10:59:40 -0600] "GET /?edit=class-base.php&p=Ahome2AnuveprinAahavahomeIorgAwp-contentApluginsAwpforms-liteAincludesAfields HTTP/2.0" 409 83 "-" "Mozilla/5.0 AppleWebKit/537.36 (KHTML, like Gecko; compatible; ClaudeBot/1.0; +claudebot@anthropic.com)" ahavahome.org 10.53.187.74
216.73.216.246 - - [30/Jul/2026:10:59:41 -0600] "GET /?edit=styles-renderer.php&p=Ahome2AnuveprinAdentalson-risaIcomAwp-contentApluginsAelementorAmodulesAatomic-widgetsAstyles HTTP/2.0" 409 83 "-" "Mozilla/5.0 AppleWebKit/537.36 (KHTML, like Gecko; compatible; ClaudeBot/1.0; +claudebot@anthropic.com)" ahavahome.org 10.53.187.74
216.73.216.246 - - [30/Jul/2026:10:59:47 -0600] "GET /?edit=editor.css&p=Ahome2AnuveprinAdentalson-risaIcomAwp-includesAblocksAspacer HTTP/2.0" 200 2069 "-" "Mozilla/5.0 AppleWebKit/537.36 (KHTML, like Gecko; compatible; ClaudeBot/1.0; +claudebot@anthropic.com)" ahavahome.org 10.53.187.74
216.73.216.246 - - [30/Jul/2026:10:59:51 -0600] "GET /?edit=Form_Field_Featured_Image.php&p=Ahome2AnuveprinAnomascuartosvaciosIorgAwp-contentApluginsAwp-user-frontendAincludesAFields HTTP/2.0" 409 83 "-" "Mozilla/5.0 AppleWebKit/537.36 (KHTML, like Gecko; compatible; ClaudeBot/1.0; +claudebot@anthropic.com)" ahavahome.org 10.53.187.74
216.73.216.246 - - [30/Jul/2026:10:59:56 -0600] "GET /?edit=Setup_Wizard.php&p=Ahome2AnuveprinAnomascuartosvaciosIorgAwp-contentApluginsAwp-user-frontendAincludesAI HTTP/2.0" 409 83 "-" "Mozilla/5.0 AppleWebKit/537.36 (KHTML, like Gecko; compatible; ClaudeBot/1.0; +claudebot@anthropic.com)" ahavahome.org 10.53.187.74
216.73.216.246 - - [30/Jul/2026:11:00:01 -0600] "GET /?edit=style.css&p=Ahome2AnuveprinAarqcoesIcomAwp-includesAblocksAcode HTTP/2.0" 200 1395 "-" "Mozilla/5.0 AppleWebKit/537.36 (KHTML, like Gecko; compatible; ClaudeBot/1.0; +claudebot@anthropic.com)" ahavahome.org 10.53.187.74
216.73.216.246 - - [30/Jul/2026:11:00:03 -0600] "GET /?p=Ahome2AnuveprinAlosaradillasaldanaIcomAwp-contentAthemesAastraAincAcustomizerAconfigurations HTTP/1.1" 200 2326 "-" "Mozilla/5.0 AppleWebKit/537.36 (KHTML, like Gecko; compatible; ClaudeBot/1.0; +claudebot@anthropic.com)" ahavahome.org 10.53.187.74
216.73.216.246 - - [30/Jul/2026:11:00:03 -0600] "GET /?p=Ahome2AnuveprinAlosaradillasaldanaIcomAwp-contentAthemesAastraAincAcustomizerAconfigurations HTTP/2.0" 200 2326 "-" "Mozilla/5.0 AppleWebKit/537.36 (KHTML, like Gecko; compatible; ClaudeBot/1.0; +claudebot@anthropic.com)" ahavahome.org 10.53.187.74
74.7.227.20 - - [30/Jul/2026:11:00:06 -0600] "GET /telescope_index.html HTTP/1.1" 404 4677 "https://ahavahome.org/?p=Ahome2AnuveprinAarqcoesIcomAwp-contentAendurance-page-cache" "Mozilla/5.0 AppleWebKit/537.36 (KHTML, like Gecko; compatible; GPTBot/1.4; +https://openai.com/gptbot)" ahavahome.org 10.53.187.74
74.7.227.20 - - [30/Jul/2026:11:00:06 -0600] "GET /telescope_index.html HTTP/2.0" 404 4677 "https://ahavahome.org/?p=Ahome2AnuveprinAarqcoesIcomAwp-contentAendurance-page-cache" "Mozilla/5.0 AppleWebKit/537.36 (KHTML, like Gecko; compatible; GPTBot/1.4; +https://openai.com/gptbot)" ahavahome.org 10.53.187.74
216.73.216.246 - - [30/Jul/2026:11:00:08 -0600] "GET /?edit=icon-groups.svg&p=Ahome2AnuveprinAnomascuartosvaciosIorgAwp-contentApluginsAwp-user-frontendAassetsAimages HTTP/2.0" 200 2085 "-" "Mozilla/5.0 AppleWebKit/537.36 (KHTML, like Gecko; compatible; ClaudeBot/1.0; +claudebot@anthropic.com)" ahavahome.org 10.53.187.74
216.73.216.246 - - [30/Jul/2026:11:00:13 -0600] "GET /?edit=ne.js&p=Ahome2AnuveprinAwwwAwp-contentApluginsAsierotkiAincludesAiworksAoptionsAassetsAscriptsAi18n HTTP/2.0" 200 2009 "-" "Mozilla/5.0 AppleWebKit/537.36 (KHTML, like Gecko; compatible; ClaudeBot/1.0; +claudebot@anthropic.com)" ahavahome.org 10.53.187.74
216.73.216.246 - - [30/Jul/2026:11:00:18 -0600] "GET /?edit=link-2.svg&p=Ahome2AnuveprinAnomascuartosvaciosIorgAwp-contentApluginsApresto-playerAdistAicon-assets HTTP/2.0" 200 1574 "-" "Mozilla/5.0 AppleWebKit/537.36 (KHTML, like Gecko; compatible; ClaudeBot/1.0; +claudebot@anthropic.com)" ahavahome.org 10.53.187.74
74.7.242.15 - - [30/Jul/2026:11:00:21 -0600] "GET /?edit=block.json&p=Ahome2AnuveprinAdentalson-risaIcomAwp-includesAblocksApost-navigation-link HTTP/2.0" 200 1861 "https://www.ahavahome.org/?p=Ahome2AnuveprinAdentalson-risaIcomAwp-includesAblocksApost-navigation-link" "Mozilla/5.0 AppleWebKit/537.36 (KHTML, like Gecko; compatible; GPTBot/1.4; +https://openai.com/gptbot)" www.ahavahome.org 10.53.187.74
216.73.216.246 - - [30/Jul/2026:11:00:23 -0600] "GET /?p=Ahome2AnuveprinAnomascuartosvaciosIorgAwp-contentAthemesAastraAincAcompatibilityAlifterlms HTTP/1.1" 200 1970 "-" "Mozilla/5.0 AppleWebKit/537.36 (KHTML, like Gecko; compatible; ClaudeBot/1.0; +claudebot@anthropic.com)" ahavahome.org 10.53.187.74
216.73.216.246 - - [30/Jul/2026:11:00:23 -0600] "GET /?p=Ahome2AnuveprinAnomascuartosvaciosIorgAwp-contentAthemesAastraAincAcompatibilityAlifterlms HTTP/2.0" 200 1970 "-" "Mozilla/5.0 AppleWebKit/537.36 (KHTML, like Gecko; compatible; ClaudeBot/1.0; +claudebot@anthropic.com)" ahavahome.org 10.53.187.74
216.73.216.246 - - [30/Jul/2026:11:00:28 -0600] "GET /?edit=_index.html&p=Ahome2AnuveprinAarqcoesIcomAwp-contentAendurance-page-cacheAauthorA1 HTTP/1.1" 200 18959 "-" "Mozilla/5.0 AppleWebKit/537.36 (KHTML, like Gecko; compatible; ClaudeBot/1.0; +claudebot@anthropic.com)" ahavahome.org 10.53.187.74
216.73.216.246 - - [30/Jul/2026:11:00:28 -0600] "GET /?edit=_index.html&p=Ahome2AnuveprinAarqcoesIcomAwp-contentAendurance-page-cacheAauthorA1 HTTP/2.0" 200 18959 "-" "Mozilla/5.0 AppleWebKit/537.36 (KHTML, like Gecko; compatible; ClaudeBot/1.0; +claudebot@anthropic.com)" ahavahome.org 10.53.187.74
216.73.216.246 - - [30/Jul/2026:11:00:32 -0600] "GET /?edit=page-no-title.html&p=Ahome2AnuveprinAarqcoesIcomAwp-contentAthemesAtwentytwentyfiveAtemplates HTTP/1.1" 200 1549 "-" "Mozilla/5.0 AppleWebKit/537.36 (KHTML, like Gecko; compatible; ClaudeBot/1.0; +claudebot@anthropic.com)" ahavahome.org 10.53.187.74
216.73.216.246 - - [30/Jul/2026:11:00:32 -0600] "GET /?edit=page-no-title.html&p=Ahome2AnuveprinAarqcoesIcomAwp-contentAthemesAtwentytwentyfiveAtemplates HTTP/2.0" 200 1549 "-" "Mozilla/5.0 AppleWebKit/537.36 (KHTML, like Gecko; compatible; ClaudeBot/1.0; +claudebot@anthropic.com)" ahavahome.org 10.53.187.74
216.73.216.246 - - [30/Jul/2026:11:00:36 -0600] "GET /?edit=volume-2.svg&p=Ahome2AnuveprinAnomascuartosvaciosIorgAwp-contentApluginsApresto-playerAdistAicon-assets HTTP/2.0" 200 1584 "-" "Mozilla/5.0 AppleWebKit/537.36 (KHTML, like Gecko; compatible; ClaudeBot/1.0; +claudebot@anthropic.com)" ahavahome.org 10.53.187.74
162.128.181.163 - - [30/Jul/2026:11:00:37 -0600] "POST /usr.php?option&path=/home2/nuveprin/ahavahome.org HTTP/2.0" 200 4733 "https://ahavahome.org/usr.php" "Mozilla/5.0 (Windows NT 10.0; Win64; x64; rv:153.0) Gecko/20100101 Firefox/153.0" ahavahome.org 10.53.187.74
162.128.181.163 - - [30/Jul/2026:11:00:38 -0600] "GET /usr.php?path=/home2/nuveprin HTTP/1.1" 200 2286 "https://ahavahome.org/usr.php?option&path=/home2/nuveprin/ahavahome.org" "Mozilla/5.0 (Windows NT 10.0; Win64; x64; rv:153.0) Gecko/20100101 Firefox/153.0" ahavahome.org 10.53.187.74
162.128.181.163 - - [30/Jul/2026:11:00:38 -0600] "GET /usr.php?path=/home2/nuveprin HTTP/2.0" 200 2286 "https://ahavahome.org/usr.php?option&path=/home2/nuveprin/ahavahome.org" "Mozilla/5.0 (Windows NT 10.0; Win64; x64; rv:153.0) Gecko/20100101 Firefox/153.0" ahavahome.org 10.53.187.74
216.73.216.246 - - [30/Jul/2026:11:00:42 -0600] "GET /?edit=_index.html&p=Ahome2AnuveprinAnomascuartosvaciosIorgAwp-contentAendurance-page-cacheAadminAimagesAslider HTTP/1.1" 200 33115 "-" "Mozilla/5.0 AppleWebKit/537.36 (KHTML, like Gecko; compatible; ClaudeBot/1.0; +claudebot@anthropic.com)" ahavahome.org 10.53.187.74
216.73.216.246 - - [30/Jul/2026:11:00:41 -0600] "GET /?edit=_index.html&p=Ahome2AnuveprinAnomascuartosvaciosIorgAwp-contentAendurance-page-cacheAadminAimagesAslider HTTP/2.0" 200 33115 "-" "Mozilla/5.0 AppleWebKit/537.36 (KHTML, like Gecko; compatible; ClaudeBot/1.0; +claudebot@anthropic.com)" ahavahome.org 10.53.187.74
162.128.181.163 - - [30/Jul/2026:11:00:46 -0600] "GET /usr.php?path=/home2/nuveprin/ahavahome.org HTTP/1.1" 200 4722 "https://ahavahome.org/usr.php?path=/home2/nuveprin" "Mozilla/5.0 (Windows NT 10.0; Win64; x64; rv:153.0) Gecko/20100101 Firefox/153.0" ahavahome.org 10.53.187.74
162.128.181.163 - - [30/Jul/2026:11:00:46 -0600] "GET /usr.php?path=/home2/nuveprin/ahavahome.org HTTP/2.0" 200 4722 "https://ahavahome.org/usr.php?path=/home2/nuveprin" "Mozilla/5.0 (Windows NT 10.0; Win64; x64; rv:153.0) Gecko/20100101 Firefox/153.0" ahavahome.org 10.53.187.74
216.73.216.246 - - [30/Jul/2026:11:00:47 -0600] "GET /?edit=icon-checked.svg&p=Ahome2AnuveprinAnomascuartosvaciosIorgAwp-contentApluginsAwp-user-frontendAassetsAimages HTTP/2.0" 200 1872 "-" "Mozilla/5.0 AppleWebKit/537.36 (KHTML, like Gecko; compatible; ClaudeBot/1.0; +claudebot@anthropic.com)" ahavahome.org 10.53.187.74
162.128.181.163 - - [30/Jul/2026:11:00:50 -0600] "GET /usr.php?path=/home2/nuveprin HTTP/1.1" 200 2286 "https://ahavahome.org/usr.php?path=/home2/nuveprin/ahavahome.org" "Mozilla/5.0 (Windows NT 10.0; Win64; x64; rv:153.0) Gecko/20100101 Firefox/153.0" ahavahome.org 10.53.187.74
162.128.181.163 - - [30/Jul/2026:11:00:50 -0600] "GET /usr.php?path=/home2/nuveprin HTTP/2.0" 200 2286 "https://ahavahome.org/usr.php?path=/home2/nuveprin/ahavahome.org" "Mozilla/5.0 (Windows NT 10.0; Win64; x64; rv:153.0) Gecko/20100101 Firefox/153.0" ahavahome.org 10.53.187.74
216.73.216.246 - - [30/Jul/2026:11:00:52 -0600] "GET /?p=Ahome2AnuveprinApublic_htmlAwp-contentAthemesAtwentytwentyfiveAassetsAfontsAroboto-slab HTTP/1.1" 200 1875 "-" "Mozilla/5.0 AppleWebKit/537.36 (KHTML, like Gecko; compatible; ClaudeBot/1.0; +claudebot@anthropic.com)" ahavahome.org 10.53.187.74
216.73.216.246 - - [30/Jul/2026:11:00:52 -0600] "GET /?p=Ahome2AnuveprinApublic_htmlAwp-contentAthemesAtwentytwentyfiveAassetsAfontsAroboto-slab HTTP/2.0" 200 1875 "-" "Mozilla/5.0 AppleWebKit/537.36 (KHTML, like Gecko; compatible; ClaudeBot/1.0; +claudebot@anthropic.com)" ahavahome.org 10.53.187.74
162.128.181.163 - - [30/Jul/2026:11:00:54 -0600] "GET /usr.php?path=/home2/nuveprin/public_html HTTP/1.1" 200 3490 "https://ahavahome.org/usr.php?path=/home2/nuveprin" "Mozilla/5.0 (Windows NT 10.0; Win64; x64; rv:153.0) Gecko/20100101 Firefox/153.0" ahavahome.org 10.53.187.74
162.128.181.163 - - [30/Jul/2026:11:00:54 -0600] "GET /usr.php?path=/home2/nuveprin/public_html HTTP/2.0" 200 3490 "https://ahavahome.org/usr.php?path=/home2/nuveprin" "Mozilla/5.0 (Windows NT 10.0; Win64; x64; rv:153.0) Gecko/20100101 Firefox/153.0" ahavahome.org 10.53.187.74
216.73.216.246 - - [30/Jul/2026:11:00:57 -0600] "GET /?edit=user-x.svg&p=Ahome2AnuveprinAnomascuartosvaciosIorgAwp-contentApluginsApresto-playerAdistAicon-assets HTTP/2.0" 200 1601 "-" "Mozilla/5.0 AppleWebKit/537.36 (KHTML, like Gecko; compatible; ClaudeBot/1.0; +claudebot@anthropic.com)" ahavahome.org 10.53.187.74
97.74.87.194 - - [30/Jul/2026:11:00:59 -0600] "GET /wp-content/plugins/the-events-calendar/common/src/Common/REST/TEC/V1/Endpoints/CHANGELOG.php HTTP/2.0" 409 83 "-" "Mozilla/5.0 (Macintosh; Intel Mac OS X 10_15_7) AppleWebKit/605.1.15 (KHTML, like Gecko) Version/15.3 Safari/605.1.15" ahavahome.org 10.53.187.74
216.73.216.246 - - [30/Jul/2026:11:01:02 -0600] "GET /?p=Ahome2AnuveprinAnomascuartosvaciosIorgAwp-contentAthemesAastraAincAaddonsAbreadcrumbsAdynamic-css HTTP/1.1" 200 1889 "-" "Mozilla/5.0 AppleWebKit/537.36 (KHTML, like Gecko; compatible; ClaudeBot/1.0; +claudebot@anthropic.com)" ahavahome.org 10.53.187.74
216.73.216.246 - - [30/Jul/2026:11:01:02 -0600] "GET /?p=Ahome2AnuveprinAnomascuartosvaciosIorgAwp-contentAthemesAastraAincAaddonsAbreadcrumbsAdynamic-css HTTP/2.0" 200 1889 "-" "Mozilla/5.0 AppleWebKit/537.36 (KHTML, like Gecko; compatible; ClaudeBot/1.0; +claudebot@anthropic.com)" ahavahome.org 10.53.187.74
162.128.181.163 - - [30/Jul/2026:11:01:03 -0600] "POST /usr.php?path=/home2/nuveprin/public_html HTTP/2.0" 200 3526 "https://ahavahome.org/usr.php?path=/home2/nuveprin/public_html" "Mozilla/5.0 (Windows NT 10.0; Win64; x64; rv:153.0) Gecko/20100101 Firefox/153.0" ahavahome.org 10.53.187.74
216.73.216.246 - - [30/Jul/2026:11:01:07 -0600] "GET /?edit=sun.svg&p=Ahome2AnuveprinAnomascuartosvaciosIorgAwp-contentApluginsApresto-playerAdistAicon-assets HTTP/2.0" 200 1640 "-" "Mozilla/5.0 AppleWebKit/537.36 (KHTML, like Gecko; compatible; ClaudeBot/1.0; +claudebot@anthropic.com)" ahavahome.org 10.53.187.74
74.7.242.15 - - [30/Jul/2026:11:01:11 -0600] "GET /?edit=upgrade-to-pro.less&p=Ahome2AnuveprinApublic_htmlAwp-contentApluginsAreally-simple-sslAupgrade HTTP/1.1" 200 2381 "https://www.ahavahome.org/?p=Ahome2AnuveprinApublic_htmlAwp-contentApluginsAreally-simple-sslAupgrade" "Mozilla/5.0 AppleWebKit/537.36 (KHTML, like Gecko; compatible; GPTBot/1.4; +https://openai.com/gptbot)" www.ahavahome.org 10.53.187.74
74.7.242.15 - - [30/Jul/2026:11:01:11 -0600] "GET /?edit=upgrade-to-pro.less&p=Ahome2AnuveprinApublic_htmlAwp-contentApluginsAreally-simple-sslAupgrade HTTP/2.0" 200 2381 "https://www.ahavahome.org/?p=Ahome2AnuveprinApublic_htmlAwp-contentApluginsAreally-simple-sslAupgrade" "Mozilla/5.0 AppleWebKit/537.36 (KHTML, like Gecko; compatible; GPTBot/1.4; +https://openai.com/gptbot)" www.ahavahome.org 10.53.187.74
216.73.216.246 - - [30/Jul/2026:11:01:12 -0600] "GET /?edit=comment-edit-link.svg&p=Ahome2AnuveprinAnomascuartosvaciosIorgAwp-includesAimagesAicon-library HTTP/2.0" 200 1526 "-" "Mozilla/5.0 AppleWebKit/537.36 (KHTML, like Gecko; compatible; ClaudeBot/1.0; +claudebot@anthropic.com)" ahavahome.org 10.53.187.74
216.73.216.246 - - [30/Jul/2026:11:01:17 -0600] "GET /?edit=image.svg&p=Ahome2AnuveprinAnomascuartosvaciosIorgAwp-includesAimagesAicon-library HTTP/2.0" 200 1533 "-" "Mozilla/5.0 AppleWebKit/537.36 (KHTML, like Gecko; compatible; ClaudeBot/1.0; +claudebot@anthropic.com)" ahavahome.org 10.53.187.74
216.73.216.246 - - [30/Jul/2026:11:01:22 -0600] "GET /?edit=tab.svg&p=Ahome2AnuveprinAnomascuartosvaciosIorgAwp-includesAimagesAicon-library HTTP/2.0" 200 1446 "-" "Mozilla/5.0 AppleWebKit/537.36 (KHTML, like Gecko; compatible; ClaudeBot/1.0; +claudebot@anthropic.com)" ahavahome.org 10.53.187.74
216.73.216.246 - - [30/Jul/2026:11:01:27 -0600] "GET /?edit=style.svg&p=Ahome2AnuveprinAedgarybereniceIcomAwp-includesAjsAtinymceAskinsAwordpressAimages HTTP/2.0" 200 2081 "-" "Mozilla/5.0 AppleWebKit/537.36 (KHTML, like Gecko; compatible; ClaudeBot/1.0; +claudebot@anthropic.com)" ahavahome.org 10.53.187.74
216.73.216.246 - - [30/Jul/2026:11:01:32 -0600] "GET /?edit=class-astra-walker-page.php&p=Ahome2AnuveprinAnomascuartosvaciosIorgAwp-contentAthemesAastraAincAcore HTTP/2.0" 409 83 "-" "Mozilla/5.0 AppleWebKit/537.36 (KHTML, like Gecko; compatible; ClaudeBot/1.0; +claudebot@anthropic.com)" ahavahome.org 10.53.187.74
74.7.227.20 - - [30/Jul/2026:11:01:34 -0600] "GET /doiconvs_index.html HTTP/1.1" 404 4677 "https://ahavahome.org/?p=Ahome2AnuveprinAarqcoesIcomAwp-contentAendurance-page-cache" "Mozilla/5.0 AppleWebKit/537.36 (KHTML, like Gecko; compatible; GPTBot/1.4; +https://openai.com/gptbot)" ahavahome.org 10.53.187.74
74.7.227.20 - - [30/Jul/2026:11:01:34 -0600] "GET /doiconvs_index.html HTTP/2.0" 404 4677 "https://ahavahome.org/?p=Ahome2AnuveprinAarqcoesIcomAwp-contentAendurance-page-cache" "Mozilla/5.0 AppleWebKit/537.36 (KHTML, like Gecko; compatible; GPTBot/1.4; +https://openai.com/gptbot)" ahavahome.org 10.53.187.74
216.73.216.246 - - [30/Jul/2026:11:01:37 -0600] "GET /?edit=cdn.svg&p=Ahome2AnuveprinApublic_htmlAwp-contentApluginsAspeedycacheAassetsAimagesAicons HTTP/2.0" 200 1709 "-" "Mozilla/5.0 AppleWebKit/537.36 (KHTML, like Gecko; compatible; ClaudeBot/1.0; +claudebot@anthropic.com)" ahavahome.org 10.53.187.74
162.128.181.163 - - [30/Jul/2026:11:01:38 -0600] "GET /usr.php HTTP/1.1" 200 4722 "-" "Mozilla/5.0 (Windows NT 10.0; Win64; x64; rv:153.0) Gecko/20100101 Firefox/153.0" ahavahome.org 10.53.187.74
162.128.181.163 - - [30/Jul/2026:11:01:38 -0600] "GET /usr.php HTTP/2.0" 200 4722 "-" "Mozilla/5.0 (Windows NT 10.0; Win64; x64; rv:153.0) Gecko/20100101 Firefox/153.0" ahavahome.org 10.53.187.74
216.73.216.246 - - [30/Jul/2026:11:01:42 -0600] "GET /?edit=unlock.svg&p=Ahome2AnuveprinAnomascuartosvaciosIorgAwp-contentApluginsApresto-playerAdistAicon-assets HTTP/2.0" 200 1563 "-" "Mozilla/5.0 AppleWebKit/537.36 (KHTML, like Gecko; compatible; ClaudeBot/1.0; +claudebot@anthropic.com)" ahavahome.org 10.53.187.74
162.128.181.163 - - [30/Jul/2026:11:01:46 -0600] "POST /usr.php?option&path=/home2/nuveprin/ahavahome.org HTTP/2.0" 200 4567 "https://ahavahome.org/usr.php" "Mozilla/5.0 (Windows NT 10.0; Win64; x64; rv:153.0) Gecko/20100101 Firefox/153.0" ahavahome.org 10.53.187.74
216.73.216.246 - - [30/Jul/2026:11:01:47 -0600] "GET /?p=Ahome2AnuveprinAarqcoesIcomAwp-contentAendurance-page-cacheAsitesAdefaultAfilesAstylesAlarge HTTP/1.1" 200 2026 "-" "Mozilla/5.0 AppleWebKit/537.36 (KHTML, like Gecko; compatible; ClaudeBot/1.0; +claudebot@anthropic.com)" ahavahome.org 10.53.187.74
216.73.216.246 - - [30/Jul/2026:11:01:47 -0600] "GET /?p=Ahome2AnuveprinAarqcoesIcomAwp-contentAendurance-page-cacheAsitesAdefaultAfilesAstylesAlarge HTTP/2.0" 200 2026 "-" "Mozilla/5.0 AppleWebKit/537.36 (KHTML, like Gecko; compatible; ClaudeBot/1.0; +claudebot@anthropic.com)" ahavahome.org 10.53.187.74
162.128.181.163 - - [30/Jul/2026:11:01:50 -0600] "POST /usr.php?option&path=/home2/nuveprin/ahavahome.org HTTP/2.0" 200 4528 "https://ahavahome.org/usr.php?option&path=/home2/nuveprin/ahavahome.org" "Mozilla/5.0 (Windows NT 10.0; Win64; x64; rv:153.0) Gecko/20100101 Firefox/153.0" ahavahome.org 10.53.187.74
216.73.216.246 - - [30/Jul/2026:11:01:52 -0600] "GET /?edit=testimonial.min.js&p=Ahome2AnuveprinAnomascuartosvaciosIorgAwp-contentApluginsAultimate-addons-for-gutenbergAassetsAjs HTTP/2.0" 200 1868 "-" "Mozilla/5.0 AppleWebKit/537.36 (KHTML, like Gecko; compatible; ClaudeBot/1.0; +claudebot@anthropic.com)" ahavahome.org 10.53.187.74
216.73.216.246 - - [30/Jul/2026:11:01:57 -0600] "GET /?edit=documents_index.html&p=Ahome2AnuveprinAarqcoesIcomAwp-contentAendurance-page-cacheAsitesAdefaultAfilesAfield HTTP/1.1" 200 19169 "-" "Mozilla/5.0 AppleWebKit/537.36 (KHTML, like Gecko; compatible; ClaudeBot/1.0; +claudebot@anthropic.com)" ahavahome.org 10.53.187.74
216.73.216.246 - - [30/Jul/2026:11:01:57 -0600] "GET /?edit=documents_index.html&p=Ahome2AnuveprinAarqcoesIcomAwp-contentAendurance-page-cacheAsitesAdefaultAfilesAfield HTTP/2.0" 200 19169 "-" "Mozilla/5.0 AppleWebKit/537.36 (KHTML, like Gecko; compatible; ClaudeBot/1.0; +claudebot@anthropic.com)" ahavahome.org 10.53.187.74
74.7.242.15 - - [30/Jul/2026:11:01:58 -0600] "GET /?edit=ajax.min.js&p=Ahome2AnuveprinApublic_htmlAwp-contentApluginsAreally-simple-sslAupgrade HTTP/2.0" 200 1837 "https://www.ahavahome.org/?p=Ahome2AnuveprinApublic_htmlAwp-contentApluginsAreally-simple-sslAupgrade" "Mozilla/5.0 AppleWebKit/537.36 (KHTML, like Gecko; compatible; GPTBot/1.4; +https://openai.com/gptbot)" www.ahavahome.org 10.53.187.74
162.128.181.163 - - [30/Jul/2026:11:01:58 -0600] "POST /usr.php?option&path=/home2/nuveprin/ahavahome.org HTTP/2.0" 200 4485 "https://ahavahome.org/usr.php?option&path=/home2/nuveprin/ahavahome.org" "Mozilla/5.0 (Windows NT 10.0; Win64; x64; rv:153.0) Gecko/20100101 Firefox/153.0" ahavahome.org 10.53.187.74
216.73.216.246 - - [30/Jul/2026:11:02:02 -0600] "GET /?edit=hu.js&p=Ahome2AnuveprinAwwwAwp-contentApluginsAsierotkiAincludesAiworksAoptionsAassetsAscriptsAi18n HTTP/2.0" 200 1856 "-" "Mozilla/5.0 AppleWebKit/537.36 (KHTML, like Gecko; compatible; ClaudeBot/1.0; +claudebot@anthropic.com)" ahavahome.org 10.53.187.74
216.73.216.246 - - [30/Jul/2026:11:02:07 -0600] "GET /?edit=indexable-home-page-watcher.php&p=Ahome2AnuveprinAahavahomeIorgAwp-contentApluginsAwordpress-seoAsrcAintegrationsAwatchers HTTP/2.0" 409 83 "-" "Mozilla/5.0 AppleWebKit/537.36 (KHTML, like Gecko; compatible; ClaudeBot/1.0; +claudebot@anthropic.com)" ahavahome.org 10.53.187.74
162.128.181.163 - - [30/Jul/2026:11:02:07 -0600] "POST /usr.php?option&path=/home2/nuveprin/ahavahome.org HTTP/2.0" 200 1114 "https://ahavahome.org/usr.php?option&path=/home2/nuveprin/ahavahome.org" "Mozilla/5.0 (Windows NT 10.0; Win64; x64; rv:153.0) Gecko/20100101 Firefox/153.0" ahavahome.org 10.53.187.74
216.73.216.246 - - [30/Jul/2026:11:02:12 -0600] "GET /?edit=dashicons.svg&p=Ahome2AnuveprinAnomascuartosvaciosIorgAwp-includesAfonts HTTP/2.0" 200 46787 "-" "Mozilla/5.0 AppleWebKit/537.36 (KHTML, like Gecko; compatible; ClaudeBot/1.0; +claudebot@anthropic.com)" ahavahome.org 10.53.187.74
216.73.216.246 - - [30/Jul/2026:11:02:17 -0600] "GET /?edit=_index.html&p=Ahome2AnuveprinAarqcoesIcomAwp-contentAendurance-page-cacheAassetsAcssAdist HTTP/1.1" 200 19040 "-" "Mozilla/5.0 AppleWebKit/537.36 (KHTML, like Gecko; compatible; ClaudeBot/1.0; +claudebot@anthropic.com)" ahavahome.org 10.53.187.74
216.73.216.246 - - [30/Jul/2026:11:02:17 -0600] "GET /?edit=_index.html&p=Ahome2AnuveprinAarqcoesIcomAwp-contentAendurance-page-cacheAassetsAcssAdist HTTP/2.0" 200 19040 "-" "Mozilla/5.0 AppleWebKit/537.36 (KHTML, like Gecko; compatible; ClaudeBot/1.0; +claudebot@anthropic.com)" ahavahome.org 10.53.187.74
74.7.227.20 - - [30/Jul/2026:11:02:18 -0600] "GET /STAGING_index.html HTTP/1.1" 404 4677 "https://ahavahome.org/?p=Ahome2AnuveprinAarqcoesIcomAwp-contentAendurance-page-cache" "Mozilla/5.0 AppleWebKit/537.36 (KHTML, like Gecko; compatible; GPTBot/1.4; +https://openai.com/gptbot)" ahavahome.org 10.53.187.74
74.7.227.20 - - [30/Jul/2026:11:02:18 -0600] "GET /STAGING_index.html HTTP/2.0" 404 4677 "https://ahavahome.org/?p=Ahome2AnuveprinAarqcoesIcomAwp-contentAendurance-page-cache" "Mozilla/5.0 AppleWebKit/537.36 (KHTML, like Gecko; compatible; GPTBot/1.4; +https://openai.com/gptbot)" ahavahome.org 10.53.187.74
216.73.216.246 - - [30/Jul/2026:11:02:22 -0600] "GET /?edit=share-2.svg&p=Ahome2AnuveprinAnomascuartosvaciosIorgAwp-contentApluginsApresto-playerAdistAicon-assets HTTP/2.0" 200 1604 "-" "Mozilla/5.0 AppleWebKit/537.36 (KHTML, like Gecko; compatible; ClaudeBot/1.0; +claudebot@anthropic.com)" ahavahome.org 10.53.187.74
216.73.216.246 - - [30/Jul/2026:11:02:27 -0600] "GET /?edit=corner-up-left.svg&p=Ahome2AnuveprinAnomascuartosvaciosIorgAwp-contentApluginsApresto-playerAdistAicon-assets HTTP/2.0" 200 1552 "-" "Mozilla/5.0 AppleWebKit/537.36 (KHTML, like Gecko; compatible; ClaudeBot/1.0; +claudebot@anthropic.com)" ahavahome.org 10.53.187.74
216.73.216.246 - - [30/Jul/2026:11:02:32 -0600] "GET /?edit=facebook.svg&p=Ahome2AnuveprinAnomascuartosvaciosIorgAwp-contentApluginsApresto-playerAdistAicon-assets HTTP/2.0" 200 1496 "-" "Mozilla/5.0 AppleWebKit/537.36 (KHTML, like Gecko; compatible; ClaudeBot/1.0; +claudebot@anthropic.com)" ahavahome.org 10.53.187.74
216.73.216.246 - - [30/Jul/2026:11:02:37 -0600] "GET /?edit=power.svg&p=Ahome2AnuveprinAnomascuartosvaciosIorgAwp-contentApluginsApresto-playerAdistAicon-assets HTTP/2.0" 200 1557 "-" "Mozilla/5.0 AppleWebKit/537.36 (KHTML, like Gecko; compatible; ClaudeBot/1.0; +claudebot@anthropic.com)" ahavahome.org 10.53.187.74
74.7.242.15 - - [30/Jul/2026:11:02:38 -0600] "GET /?edit=loader.js&p=Ahome2AnuveprinAdentalson-risaIcomAwp-includesAjsAdistAscript-modulesAlatex-to-mathml HTTP/2.0" 200 1399 "https://www.ahavahome.org/?p=Ahome2AnuveprinAdentalson-risaIcomAwp-includesAjsAdistAscript-modulesAlatex-to-mathml" "Mozilla/5.0 AppleWebKit/537.36 (KHTML, like Gecko; compatible; GPTBot/1.4; +https://openai.com/gptbot)" www.ahavahome.org 10.53.187.74
216.73.216.246 - - [30/Jul/2026:11:02:42 -0600] "GET /?edit=book-open.svg&p=Ahome2AnuveprinAnomascuartosvaciosIorgAwp-contentApluginsApresto-playerAdistAicon-assets HTTP/2.0" 200 1559 "-" "Mozilla/5.0 AppleWebKit/537.36 (KHTML, like Gecko; compatible; ClaudeBot/1.0; +claudebot@anthropic.com)" ahavahome.org 10.53.187.74
162.128.181.163 - - [30/Jul/2026:11:02:43 -0600] "GET /css.php HTTP/1.1" 200 334 "-" "Mozilla/5.0 (Windows NT 10.0; Win64; x64; rv:153.0) Gecko/20100101 Firefox/153.0" ahavahome.org 10.53.187.74
162.128.181.163 - - [30/Jul/2026:11:02:43 -0600] "GET /css.php HTTP/2.0" 200 334 "-" "Mozilla/5.0 (Windows NT 10.0; Win64; x64; rv:153.0) Gecko/20100101 Firefox/153.0" ahavahome.org 10.53.187.74
216.73.216.246 - - [30/Jul/2026:11:02:47 -0600] "GET /?p=Ahome2AnuveprinAlosaradillasaldanaIcomAwp-contentAthemesAastraAincAcustomizerAextend-customizer HTTP/1.1" 200 2351 "-" "Mozilla/5.0 AppleWebKit/537.36 (KHTML, like Gecko; compatible; ClaudeBot/1.0; +claudebot@anthropic.com)" ahavahome.org 10.53.187.74
216.73.216.246 - - [30/Jul/2026:11:02:47 -0600] "GET /?p=Ahome2AnuveprinAlosaradillasaldanaIcomAwp-contentAthemesAastraAincAcustomizerAextend-customizer HTTP/2.0" 200 2351 "-" "Mozilla/5.0 AppleWebKit/537.36 (KHTML, like Gecko; compatible; ClaudeBot/1.0; +claudebot@anthropic.com)" ahavahome.org 10.53.187.74
216.73.216.246 - - [30/Jul/2026:11:02:52 -0600] "GET /?edit=spinner.svg&p=Ahome2AnuveprinAarqcoesIcomAwp-contentApluginsAinsert-headers-and-footersAadminAimages HTTP/2.0" 200 1643 "-" "Mozilla/5.0 AppleWebKit/537.36 (KHTML, like Gecko; compatible; ClaudeBot/1.0; +claudebot@anthropic.com)" ahavahome.org 10.53.187.74
216.73.216.246 - - [30/Jul/2026:11:02:56 -0600] "GET /?p=Ahome2AnuveprinAwwwAwp-contentApluginsAsierotkiAincludesAiworksAoptionsAassetsAstylesAimages HTTP/1.1" 200 6127 "-" "Mozilla/5.0 AppleWebKit/537.36 (KHTML, like Gecko; compatible; ClaudeBot/1.0; +claudebot@anthropic.com)" ahavahome.org 10.53.187.74
216.73.216.246 - - [30/Jul/2026:11:02:56 -0600] "GET /?p=Ahome2AnuveprinAwwwAwp-contentApluginsAsierotkiAincludesAiworksAoptionsAassetsAstylesAimages HTTP/2.0" 200 6127 "-" "Mozilla/5.0 AppleWebKit/537.36 (KHTML, like Gecko; compatible; ClaudeBot/1.0; +claudebot@anthropic.com)" ahavahome.org 10.53.187.74
216.73.216.246 - - [30/Jul/2026:11:03:00 -0600] "GET /?edit=list.svg&p=Ahome2AnuveprinAnomascuartosvaciosIorgAwp-includesAimagesAicon-library HTTP/2.0" 200 1431 "-" "Mozilla/5.0 AppleWebKit/537.36 (KHTML, like Gecko; compatible; ClaudeBot/1.0; +claudebot@anthropic.com)" ahavahome.org 10.53.187.74
216.73.216.246 - - [30/Jul/2026:11:03:05 -0600] "GET /?edit=ultimate-addons-for-gutenberg-es_MX-a609ec8a64b58a9623f8b8863e17bc58.json&p=Ahome2AnuveprinAnomascuartosvaciosIorgAwp-contentAlanguagesAplugins HTTP/2.0" 200 1924 "-" "Mozilla/5.0 AppleWebKit/537.36 (KHTML, like Gecko; compatible; ClaudeBot/1.0; +claudebot@anthropic.com)" ahavahome.org 10.53.187.74
216.73.216.246 - - [30/Jul/2026:11:03:11 -0600] "GET /?edit=umbrella.svg&p=Ahome2AnuveprinAnomascuartosvaciosIorgAwp-contentApluginsApresto-playerAdistAicon-assets HTTP/2.0" 200 1483 "-" "Mozilla/5.0 AppleWebKit/537.36 (KHTML, like Gecko; compatible; ClaudeBot/1.0; +claudebot@anthropic.com)" ahavahome.org 10.53.187.74
74.7.242.15 - - [30/Jul/2026:11:03:13 -0600] "GET /?edit=loader.min.js&p=Ahome2AnuveprinAdentalson-risaIcomAwp-includesAjsAdistAscript-modulesAlatex-to-mathml HTTP/2.0" 200 1367 "https://www.ahavahome.org/?p=Ahome2AnuveprinAdentalson-risaIcomAwp-includesAjsAdistAscript-modulesAlatex-to-mathml" "Mozilla/5.0 AppleWebKit/537.36 (KHTML, like Gecko; compatible; GPTBot/1.4; +https://openai.com/gptbot)" www.ahavahome.org 10.53.187.74
216.73.216.246 - - [30/Jul/2026:11:03:16 -0600] "GET /?edit=astra-es_MX-913ac7cdf5efc1991d54fbcb5cf6cdca.json&p=Ahome2AnuveprinAnomascuartosvaciosIorgAwp-contentAlanguagesAthemes HTTP/2.0" 200 2581 "-" "Mozilla/5.0 AppleWebKit/537.36 (KHTML, like Gecko; compatible; ClaudeBot/1.0; +claudebot@anthropic.com)" ahavahome.org 10.53.187.74
216.73.216.246 - - [30/Jul/2026:11:03:21 -0600] "GET /?edit=_index.html&p=Ahome2AnuveprinAarqcoesIcomAwp-contentAendurance-page-cacheAwp-contentAthemesAclassicAinc HTTP/1.1" 200 24619 "-" "Mozilla/5.0 AppleWebKit/537.36 (KHTML, like Gecko; compatible; ClaudeBot/1.0; +claudebot@anthropic.com)" ahavahome.org 10.53.187.74
216.73.216.246 - - [30/Jul/2026:11:03:21 -0600] "GET /?edit=_index.html&p=Ahome2AnuveprinAarqcoesIcomAwp-contentAendurance-page-cacheAwp-contentAthemesAclassicAinc HTTP/2.0" 200 24619 "-" "Mozilla/5.0 AppleWebKit/537.36 (KHTML, like Gecko; compatible; ClaudeBot/1.0; +claudebot@anthropic.com)" ahavahome.org 10.53.187.74
216.73.216.246 - - [30/Jul/2026:11:03:26 -0600] "GET /?p=Ahome2AnuveprinAarqcoesIcomAwp-contentAthemesAextendableAstylesAblock-presetsAgroupAmatrix-1 HTTP/1.1" 200 1863 "-" "Mozilla/5.0 AppleWebKit/537.36 (KHTML, like Gecko; compatible; ClaudeBot/1.0; +claudebot@anthropic.com)" ahavahome.org 10.53.187.74
216.73.216.246 - - [30/Jul/2026:11:03:26 -0600] "GET /?p=Ahome2AnuveprinAarqcoesIcomAwp-contentAthemesAextendableAstylesAblock-presetsAgroupAmatrix-1 HTTP/2.0" 200 1863 "-" "Mozilla/5.0 AppleWebKit/537.36 (KHTML, like Gecko; compatible; ClaudeBot/1.0; +claudebot@anthropic.com)" ahavahome.org 10.53.187.74
216.73.216.246 - - [30/Jul/2026:11:03:31 -0600] "GET /?edit=eye-off.svg&p=Ahome2AnuveprinAnomascuartosvaciosIorgAwp-contentApluginsApresto-playerAdistAicon-assets HTTP/2.0" 200 1640 "-" "Mozilla/5.0 AppleWebKit/537.36 (KHTML, like Gecko; compatible; ClaudeBot/1.0; +claudebot@anthropic.com)" ahavahome.org 10.53.187.74
216.73.216.246 - - [30/Jul/2026:11:03:36 -0600] "GET /?edit=colors.scss&p=Ahome2AnuveprinAnomascuartosvaciosIorgAwp-adminAcssAcolorsAmidnight HTTP/2.0" 200 1444 "-" "Mozilla/5.0 AppleWebKit/537.36 (KHTML, like Gecko; compatible; ClaudeBot/1.0; +claudebot@anthropic.com)" ahavahome.org 10.53.187.74
216.73.216.246 - - [30/Jul/2026:11:03:39 -0600] "GET /?edit=_index.html&p=Ahome2AnuveprinAarqcoesIcomAwp-contentAendurance-page-cacheAshopApgA1sancyoku HTTP/1.1" 200 24607 "-" "Mozilla/5.0 AppleWebKit/537.36 (KHTML, like Gecko; compatible; ClaudeBot/1.0; +claudebot@anthropic.com)" ahavahome.org 10.53.187.74
216.73.216.246 - - [30/Jul/2026:11:03:39 -0600] "GET /?edit=_index.html&p=Ahome2AnuveprinAarqcoesIcomAwp-contentAendurance-page-cacheAshopApgA1sancyoku HTTP/2.0" 200 24607 "-" "Mozilla/5.0 AppleWebKit/537.36 (KHTML, like Gecko; compatible; ClaudeBot/1.0; +claudebot@anthropic.com)" ahavahome.org 10.53.187.74
216.73.216.246 - - [30/Jul/2026:11:03:44 -0600] "GET /?edit=v4-shims.css&p=Ahome2AnuveprinAlosaradillasaldanaIcomAwp-contentApluginsAelementorAassetsAlibAfont-awesomeAcss HTTP/2.0" 200 6290 "-" "Mozilla/5.0 AppleWebKit/537.36 (KHTML, like Gecko; compatible; ClaudeBot/1.0; +claudebot@anthropic.com)" ahavahome.org 10.53.187.74
162.128.181.163 - - [30/Jul/2026:11:03:45 -0600] "POST /css.php HTTP/2.0" 200 574 "https://ahavahome.org/css.php" "Mozilla/5.0 (Windows NT 10.0; Win64; x64; rv:153.0) Gecko/20100101 Firefox/153.0" ahavahome.org 10.53.187.74
74.7.242.15 - - [30/Jul/2026:11:03:47 -0600] "GET /?edit=upgrade-to-pro.min.js&p=Ahome2AnuveprinApublic_htmlAwp-contentApluginsAreally-simple-sslAupgrade HTTP/2.0" 200 2555 "https://www.ahavahome.org/?p=Ahome2AnuveprinApublic_htmlAwp-contentApluginsAreally-simple-sslAupgrade" "Mozilla/5.0 AppleWebKit/537.36 (KHTML, like Gecko; compatible; GPTBot/1.4; +https://openai.com/gptbot)" www.ahavahome.org 10.53.187.74
216.73.216.246 - - [30/Jul/2026:11:03:49 -0600] "GET /?edit=video-off.svg&p=Ahome2AnuveprinAnomascuartosvaciosIorgAwp-contentApluginsApresto-playerAdistAicon-assets HTTP/2.0" 200 1594 "-" "Mozilla/5.0 AppleWebKit/537.36 (KHTML, like Gecko; compatible; ClaudeBot/1.0; +claudebot@anthropic.com)" ahavahome.org 10.53.187.74
74.7.227.20 - - [30/Jul/2026:11:03:52 -0600] "GET /TESTING_index.html HTTP/1.1" 404 4677 "https://ahavahome.org/?p=Ahome2AnuveprinAarqcoesIcomAwp-contentAendurance-page-cache" "Mozilla/5.0 AppleWebKit/537.36 (KHTML, like Gecko; compatible; GPTBot/1.4; +https://openai.com/gptbot)" ahavahome.org 10.53.187.74
74.7.227.20 - - [30/Jul/2026:11:03:52 -0600] "GET /TESTING_index.html HTTP/2.0" 404 4677 "https://ahavahome.org/?p=Ahome2AnuveprinAarqcoesIcomAwp-contentAendurance-page-cache" "Mozilla/5.0 AppleWebKit/537.36 (KHTML, like Gecko; compatible; GPTBot/1.4; +https://openai.com/gptbot)" ahavahome.org 10.53.187.74
216.73.216.246 - - [30/Jul/2026:11:03:54 -0600] "GET /?edit=gallery-v1.php&p=Ahome2AnuveprinAlosaradillasaldanaIcomAwp-contentApluginsAsuper-blankAtemplatesAPagesA6-Gallery HTTP/2.0" 409 83 "-" "Mozilla/5.0 AppleWebKit/537.36 (KHTML, like Gecko; compatible; ClaudeBot/1.0; +claudebot@anthropic.com)" ahavahome.org 10.53.187.74
216.73.216.246 - - [30/Jul/2026:11:03:59 -0600] "GET /?edit=trending-up.svg&p=Ahome2AnuveprinAnomascuartosvaciosIorgAwp-contentApluginsApresto-playerAdistAicon-assets HTTP/2.0" 200 1546 "-" "Mozilla/5.0 AppleWebKit/537.36 (KHTML, like Gecko; compatible; ClaudeBot/1.0; +claudebot@anthropic.com)" ahavahome.org 10.53.187.74
216.73.216.246 - - [30/Jul/2026:11:04:04 -0600] "GET /?edit=zh-CN.js&p=Ahome2AnuveprinAwwwAwp-contentApluginsAsierotkiAincludesAiworksAoptionsAassetsAscriptsAi18n HTTP/2.0" 200 1874 "-" "Mozilla/5.0 AppleWebKit/537.36 (KHTML, like Gecko; compatible; ClaudeBot/1.0; +claudebot@anthropic.com)" ahavahome.org 10.53.187.74
216.73.216.246 - - [30/Jul/2026:11:04:07 -0600] "GET /?edit=plugin-searchwp.png&p=Ahome2AnuveprinAlosaradillasaldanaIcomAwp-contentApluginsAwpforms-liteAassetsAimagesAabout HTTP/2.0" 200 3442 "-" "Mozilla/5.0 AppleWebKit/537.36 (KHTML, like Gecko; compatible; ClaudeBot/1.0; +claudebot@anthropic.com)" ahavahome.org 10.53.187.74
216.73.216.246 - - [30/Jul/2026:11:04:13 -0600] "GET /?p=Ahome2AnuveprinAnomascuartosvaciosIorgAwp-contentAthemesAtwentytwentythreeAassetsAfontsAdm-sans HTTP/1.1" 200 2846 "-" "Mozilla/5.0 AppleWebKit/537.36 (KHTML, like Gecko; compatible; ClaudeBot/1.0; +claudebot@anthropic.com)" ahavahome.org 10.53.187.74
216.73.216.246 - - [30/Jul/2026:11:04:13 -0600] "GET /?p=Ahome2AnuveprinAnomascuartosvaciosIorgAwp-contentAthemesAtwentytwentythreeAassetsAfontsAdm-sans HTTP/2.0" 200 2846 "-" "Mozilla/5.0 AppleWebKit/537.36 (KHTML, like Gecko; compatible; ClaudeBot/1.0; +claudebot@anthropic.com)" ahavahome.org 10.53.187.74
74.7.242.15 - - [30/Jul/2026:11:04:16 -0600] "GET /?edit=upgrade-to-pro.js&p=Ahome2AnuveprinApublic_htmlAwp-contentApluginsAreally-simple-sslAupgrade HTTP/2.0" 200 2816 "https://www.ahavahome.org/?p=Ahome2AnuveprinApublic_htmlAwp-contentApluginsAreally-simple-sslAupgrade" "Mozilla/5.0 AppleWebKit/537.36 (KHTML, like Gecko; compatible; GPTBot/1.4; +https://openai.com/gptbot)" www.ahavahome.org 10.53.187.74
216.73.216.246 - - [30/Jul/2026:11:04:17 -0600] "GET /?edit=class-astra-woocommerce.php&p=Ahome2AnuveprinAnomascuartosvaciosIorgAwp-contentAthemesAastraAincAcompatibilityAwoocommerce HTTP/2.0" 409 83 "-" "Mozilla/5.0 AppleWebKit/537.36 (KHTML, like Gecko; compatible; ClaudeBot/1.0; +claudebot@anthropic.com)" ahavahome.org 10.53.187.74
216.73.216.246 - - [30/Jul/2026:11:04:23 -0600] "GET /?edit=suretriggers-fr_FR-c99c4e426ee1f68c56892d92ad7f328f.json&p=Ahome2AnuveprinAnomascuartosvaciosIorgAwp-contentApluginsAsuretriggersAlanguages HTTP/2.0" 200 1592 "-" "Mozilla/5.0 AppleWebKit/537.36 (KHTML, like Gecko; compatible; ClaudeBot/1.0; +claudebot@anthropic.com)" ahavahome.org 10.53.187.74
216.73.216.246 - - [30/Jul/2026:11:04:27 -0600] "GET /?edit=es_MX-8de7565937737b229f49e43517dc708a.json&p=Ahome2AnuveprinAnomascuartosvaciosIorgAwp-contentAlanguages HTTP/2.0" 200 1554 "-" "Mozilla/5.0 AppleWebKit/537.36 (KHTML, like Gecko; compatible; ClaudeBot/1.0; +claudebot@anthropic.com)" ahavahome.org 10.53.187.74
216.73.216.246 - - [30/Jul/2026:11:04:32 -0600] "GET /?p=Ahome2AnuveprinAlosaradillasaldanaIcomAwp-contentAthemesAastraAincAbuilderAtypeAheaderAmobile-menu HTTP/1.1" 200 2392 "-" "Mozilla/5.0 AppleWebKit/537.36 (KHTML, like Gecko; compatible; ClaudeBot/1.0; +claudebot@anthropic.com)" ahavahome.org 10.53.187.74
216.73.216.246 - - [30/Jul/2026:11:04:32 -0600] "GET /?p=Ahome2AnuveprinAlosaradillasaldanaIcomAwp-contentAthemesAastraAincAbuilderAtypeAheaderAmobile-menu HTTP/2.0" 200 2392 "-" "Mozilla/5.0 AppleWebKit/537.36 (KHTML, like Gecko; compatible; ClaudeBot/1.0; +claudebot@anthropic.com)" ahavahome.org 10.53.187.74
216.73.216.246 - - [30/Jul/2026:11:04:37 -0600] "GET /?edit=typewriter.webp&p=Ahome2AnuveprinAnomascuartosvaciosIorgAwp-contentAthemesAtwentytwentyfiveAassetsAimages HTTP/1.1" 200 85238 "-" "Mozilla/5.0 AppleWebKit/537.36 (KHTML, like Gecko; compatible; ClaudeBot/1.0; +claudebot@anthropic.com)" ahavahome.org 10.53.187.74
216.73.216.246 - - [30/Jul/2026:11:04:37 -0600] "GET /?edit=typewriter.webp&p=Ahome2AnuveprinAnomascuartosvaciosIorgAwp-contentAthemesAtwentytwentyfiveAassetsAimages HTTP/2.0" 200 85238 "-" "Mozilla/5.0 AppleWebKit/537.36 (KHTML, like Gecko; compatible; ClaudeBot/1.0; +claudebot@anthropic.com)" ahavahome.org 10.53.187.74
74.7.227.20 - - [30/Jul/2026:11:04:39 -0600] "GET /NEWSITE_index.html HTTP/1.1" 404 4677 "https://ahavahome.org/?p=Ahome2AnuveprinAarqcoesIcomAwp-contentAendurance-page-cache" "Mozilla/5.0 AppleWebKit/537.36 (KHTML, like Gecko; compatible; GPTBot/1.4; +https://openai.com/gptbot)" ahavahome.org 10.53.187.74
74.7.227.20 - - [30/Jul/2026:11:04:39 -0600] "GET /NEWSITE_index.html HTTP/2.0" 404 4677 "https://ahavahome.org/?p=Ahome2AnuveprinAarqcoesIcomAwp-contentAendurance-page-cache" "Mozilla/5.0 AppleWebKit/537.36 (KHTML, like Gecko; compatible; GPTBot/1.4; +https://openai.com/gptbot)" ahavahome.org 10.53.187.74
216.73.216.246 - - [30/Jul/2026:11:04:40 -0600] "GET /?edit=SourceSerif4Variable-Roman.ttf.woff2&p=Ahome2AnuveprinAwwwAwp-contentAthemesAtwentytwentythreeAassetsAfontsAsource-serif-pro HTTP/2.0" 200 366511 "-" "Mozilla/5.0 AppleWebKit/537.36 (KHTML, like Gecko; compatible; ClaudeBot/1.0; +claudebot@anthropic.com)" ahavahome.org 10.53.187.74
74.7.242.15 - - [30/Jul/2026:11:04:43 -0600] "GET /?edit=ajax.js&p=Ahome2AnuveprinApublic_htmlAwp-contentApluginsAreally-simple-sslAupgrade HTTP/2.0" 200 1920 "https://www.ahavahome.org/?p=Ahome2AnuveprinApublic_htmlAwp-contentApluginsAreally-simple-sslAupgrade" "Mozilla/5.0 AppleWebKit/537.36 (KHTML, like Gecko; compatible; GPTBot/1.4; +https://openai.com/gptbot)" www.ahavahome.org 10.53.187.74
74.7.230.4 - - [30/Jul/2026:11:04:44 -0600] "GET /robots.txt HTTP/1.1" 404 4677 "-" "Mozilla/5.0 (Macintosh; Intel Mac OS X 10_15_7) AppleWebKit/537.36 (KHTML, like Gecko) Chrome/131.0.0.0 Safari/537.36; compatible; OAI-SearchBot/1.4; robots.txt; +https://openai.com/searchbot" www.ahavahome.org 10.53.187.74
74.7.230.4 - - [30/Jul/2026:11:04:44 -0600] "GET /robots.txt HTTP/2.0" 404 4677 "-" "Mozilla/5.0 (Macintosh; Intel Mac OS X 10_15_7) AppleWebKit/537.36 (KHTML, like Gecko) Chrome/131.0.0.0 Safari/537.36; compatible; OAI-SearchBot/1.4; robots.txt; +https://openai.com/searchbot" www.ahavahome.org 10.53.187.74
216.73.216.246 - - [30/Jul/2026:11:04:45 -0600] "GET /?edit=customizer-preview-rtl.css&p=Ahome2AnuveprinAlosaradillasaldanaIcomAwp-contentAthemesAastraAincAassetsAcss HTTP/2.0" 200 3173 "-" "Mozilla/5.0 AppleWebKit/537.36 (KHTML, like Gecko; compatible; ClaudeBot/1.0; +claudebot@anthropic.com)" ahavahome.org 10.53.187.74
162.128.181.163 - - [30/Jul/2026:11:04:45 -0600] "GET /usr.php HTTP/1.1" 200 4545 "-" "Mozilla/5.0 (Windows NT 10.0; Win64; x64; rv:153.0) Gecko/20100101 Firefox/153.0" ahavahome.org 10.53.187.74
162.128.181.163 - - [30/Jul/2026:11:04:45 -0600] "GET /usr.php HTTP/2.0" 200 4545 "-" "Mozilla/5.0 (Windows NT 10.0; Win64; x64; rv:153.0) Gecko/20100101 Firefox/153.0" ahavahome.org 10.53.187.74
216.73.216.246 - - [30/Jul/2026:11:04:50 -0600] "GET /?edit=at-sign.svg&p=Ahome2AnuveprinAnomascuartosvaciosIorgAwp-contentApluginsApresto-playerAdistAicon-assets HTTP/2.0" 200 1562 "-" "Mozilla/5.0 AppleWebKit/537.36 (KHTML, like Gecko; compatible; ClaudeBot/1.0; +claudebot@anthropic.com)" ahavahome.org 10.53.187.74
216.73.216.246 - - [30/Jul/2026:11:04:55 -0600] "GET /?edit=404-image.webp&p=Ahome2AnuveprinAedgarybereniceIcomAwp-contentAthemesAtwentytwentyfiveAassetsAimages HTTP/1.1" 200 112624 "-" "Mozilla/5.0 AppleWebKit/537.36 (KHTML, like Gecko; compatible; ClaudeBot/1.0; +claudebot@anthropic.com)" ahavahome.org 10.53.187.74
216.73.216.246 - - [30/Jul/2026:11:04:55 -0600] "GET /?edit=404-image.webp&p=Ahome2AnuveprinAedgarybereniceIcomAwp-contentAthemesAtwentytwentyfiveAassetsAimages HTTP/2.0" 200 112624 "-" "Mozilla/5.0 AppleWebKit/537.36 (KHTML, like Gecko; compatible; ClaudeBot/1.0; +claudebot@anthropic.com)" ahavahome.org 10.53.187.74
216.73.216.246 - - [30/Jul/2026:11:05:00 -0600] "GET /?edit=arrow-left.svg&p=Ahome2AnuveprinAwwwAwp-contentApluginsAakismetA_incAimg HTTP/2.0" 200 1430 "-" "Mozilla/5.0 AppleWebKit/537.36 (KHTML, like Gecko; compatible; ClaudeBot/1.0; +claudebot@anthropic.com)" ahavahome.org 10.53.187.74
216.73.216.246 - - [30/Jul/2026:11:05:05 -0600] "GET /?edit=aos.min.js&p=Ahome2AnuveprinAnomascuartosvaciosIorgAwp-contentApluginsAultimate-addons-for-gutenbergAassetsAjs HTTP/2.0" 200 8227 "-" "Mozilla/5.0 AppleWebKit/537.36 (KHTML, like Gecko; compatible; ClaudeBot/1.0; +claudebot@anthropic.com)" ahavahome.org 10.53.187.74
74.7.242.15 - - [30/Jul/2026:11:05:07 -0600] "GET /?edit=wf-flyout.js&p=Ahome2AnuveprinApublic_htmlAwp-contentApluginsAcaptcha-code-authenticationAwf-flyout HTTP/2.0" 200 1601 "https://www.ahavahome.org/?p=Ahome2AnuveprinApublic_htmlAwp-contentApluginsAcaptcha-code-authenticationAwf-flyout" "Mozilla/5.0 AppleWebKit/537.36 (KHTML, like Gecko; compatible; GPTBot/1.4; +https://openai.com/gptbot)" www.ahavahome.org 10.53.187.74
216.73.216.246 - - [30/Jul/2026:11:05:07 -0600] "GET /?edit=phone-incoming.svg&p=Ahome2AnuveprinAnomascuartosvaciosIorgAwp-contentApluginsApresto-playerAdistAicon-assets HTTP/2.0" 200 1702 "-" "Mozilla/5.0 AppleWebKit/537.36 (KHTML, like Gecko; compatible; ClaudeBot/1.0; +claudebot@anthropic.com)" ahavahome.org 10.53.187.74
216.73.216.246 - - [30/Jul/2026:11:05:12 -0600] "GET /?edit=composer.json&p=Ahome2AnuveprinAnomascuartosvaciosIorgAwp-contentAthemesAastraAincAlibAnps-survey HTTP/2.0" 200 1924 "-" "Mozilla/5.0 AppleWebKit/537.36 (KHTML, like Gecko; compatible; ClaudeBot/1.0; +claudebot@anthropic.com)" ahavahome.org 10.53.187.74
216.73.216.246 - - [30/Jul/2026:11:05:22 -0600] "GET /?edit=cancel-circle-filled.svg&p=Ahome2AnuveprinAnomascuartosvaciosIorgAwp-includesAimagesAicon-library HTTP/2.0" 200 1437 "-" "Mozilla/5.0 AppleWebKit/537.36 (KHTML, like Gecko; compatible; ClaudeBot/1.0; +claudebot@anthropic.com)" ahavahome.org 10.53.187.74
216.73.216.246 - - [30/Jul/2026:11:05:27 -0600] "GET /?edit=get_images&p=Ahome2AnuveprinAarqcoesIcomAwp-contentAendurance-page-cacheAwp-contentAuploadsA2023A11 HTTP/1.1" 200 606004 "-" "Mozilla/5.0 AppleWebKit/537.36 (KHTML, like Gecko; compatible; ClaudeBot/1.0; +claudebot@anthropic.com)" ahavahome.org 10.53.187.74
216.73.216.246 - - [30/Jul/2026:11:05:27 -0600] "GET /?edit=get_images&p=Ahome2AnuveprinAarqcoesIcomAwp-contentAendurance-page-cacheAwp-contentAuploadsA2023A11 HTTP/2.0" 200 606004 "-" "Mozilla/5.0 AppleWebKit/537.36 (KHTML, like Gecko; compatible; ClaudeBot/1.0; +claudebot@anthropic.com)" ahavahome.org 10.53.187.74
74.7.242.15 - - [30/Jul/2026:11:05:29 -0600] "GET /?edit=index.min.asset.php&p=Ahome2AnuveprinAdentalson-risaIcomAwp-includesAjsAdistAscript-modulesAlatex-to-mathml HTTP/2.0" 409 83 "https://www.ahavahome.org/?p=Ahome2AnuveprinAdentalson-risaIcomAwp-includesAjsAdistAscript-modulesAlatex-to-mathml" "Mozilla/5.0 AppleWebKit/537.36 (KHTML, like Gecko; compatible; GPTBot/1.4; +https://openai.com/gptbot)" www.ahavahome.org 10.53.187.74
216.73.216.246 - - [30/Jul/2026:11:05:32 -0600] "GET /?edit=index.php&p=Ahome2AnuveprinAlosaradillasaldanaIcomAwp-contentAthemesAastraAincAcustomizerAastra-pro HTTP/2.0" 409 83 "-" "Mozilla/5.0 AppleWebKit/537.36 (KHTML, like Gecko; compatible; ClaudeBot/1.0; +claudebot@anthropic.com)" ahavahome.org 10.53.187.74
216.73.216.246 - - [30/Jul/2026:11:05:37 -0600] "GET /?edit=trending-down.svg&p=Ahome2AnuveprinAnomascuartosvaciosIorgAwp-includesAimagesAicon-library HTTP/2.0" 200 1469 "-" "Mozilla/5.0 AppleWebKit/537.36 (KHTML, like Gecko; compatible; ClaudeBot/1.0; +claudebot@anthropic.com)" ahavahome.org 10.53.187.74
216.73.216.246 - - [30/Jul/2026:11:05:42 -0600] "GET /?edit=_index.html&p=Ahome2AnuveprinAlosaradillasaldanaIcomAwp-contentAendurance-page-cacheAcssAcolorsAblue HTTP/1.1" 200 27538 "-" "Mozilla/5.0 AppleWebKit/537.36 (KHTML, like Gecko; compatible; ClaudeBot/1.0; +claudebot@anthropic.com)" ahavahome.org 10.53.187.74
216.73.216.246 - - [30/Jul/2026:11:05:42 -0600] "GET /?edit=_index.html&p=Ahome2AnuveprinAlosaradillasaldanaIcomAwp-contentAendurance-page-cacheAcssAcolorsAblue HTTP/2.0" 200 27538 "-" "Mozilla/5.0 AppleWebKit/537.36 (KHTML, like Gecko; compatible; ClaudeBot/1.0; +claudebot@anthropic.com)" ahavahome.org 10.53.187.74
216.73.216.246 - - [30/Jul/2026:11:05:47 -0600] "GET /?edit=ast-builder-customizer-rtl.css&p=Ahome2AnuveprinAlosaradillasaldanaIcomAwp-contentAthemesAastraAincAassetsAcss HTTP/2.0" 200 18452 "-" "Mozilla/5.0 AppleWebKit/537.36 (KHTML, like Gecko; compatible; ClaudeBot/1.0; +claudebot@anthropic.com)" ahavahome.org 10.53.187.74
74.7.242.15 - - [30/Jul/2026:11:05:49 -0600] "GET /?edit=index.php&p=Ahome2AnuveprinApublic_htmlAwp-contentApluginsAreally-simple-sslAupgrade HTTP/2.0" 409 83 "https://www.ahavahome.org/?p=Ahome2AnuveprinApublic_htmlAwp-contentApluginsAreally-simple-sslAupgrade" "Mozilla/5.0 AppleWebKit/537.36 (KHTML, like Gecko; compatible; GPTBot/1.4; +https://openai.com/gptbot)" www.ahavahome.org 10.53.187.74
216.73.216.246 - - [30/Jul/2026:11:05:52 -0600] "GET /?p=Ahome2AnuveprinAarqcoesIcomAwp-contentAendurance-page-cacheA2025A06A09Ahello-world HTTP/1.1" 200 2107 "-" "Mozilla/5.0 AppleWebKit/537.36 (KHTML, like Gecko; compatible; ClaudeBot/1.0; +claudebot@anthropic.com)" ahavahome.org 10.53.187.74
216.73.216.246 - - [30/Jul/2026:11:05:52 -0600] "GET /?p=Ahome2AnuveprinAarqcoesIcomAwp-contentAendurance-page-cacheA2025A06A09Ahello-world HTTP/2.0" 200 2107 "-" "Mozilla/5.0 AppleWebKit/537.36 (KHTML, like Gecko; compatible; ClaudeBot/1.0; +claudebot@anthropic.com)" ahavahome.org 10.53.187.74
216.73.216.246 - - [30/Jul/2026:11:05:57 -0600] "GET /?edit=column-block-compatibility.js&p=Ahome2AnuveprinAnomascuartosvaciosIorgAwp-contentAthemesAastraAincAassetsAjs HTTP/2.0" 200 2390 "-" "Mozilla/5.0 AppleWebKit/537.36 (KHTML, like Gecko; compatible; ClaudeBot/1.0; +claudebot@anthropic.com)" ahavahome.org 10.53.187.74
216.73.216.246 - - [30/Jul/2026:11:06:02 -0600] "GET /?p=Ahome2AnuveprinAnomascuartosvaciosIorgAwp-contentAthemesAastraAincAaddonsAheading-colorsAcustomizer HTTP/1.1" 200 1901 "-" "Mozilla/5.0 AppleWebKit/537.36 (KHTML, like Gecko; compatible; ClaudeBot/1.0; +claudebot@anthropic.com)" ahavahome.org 10.53.187.74
216.73.216.246 - - [30/Jul/2026:11:06:02 -0600] "GET /?p=Ahome2AnuveprinAnomascuartosvaciosIorgAwp-contentAthemesAastraAincAaddonsAheading-colorsAcustomizer HTTP/2.0" 200 1901 "-" "Mozilla/5.0 AppleWebKit/537.36 (KHTML, like Gecko; compatible; ClaudeBot/1.0; +claudebot@anthropic.com)" ahavahome.org 10.53.187.74
216.73.216.246 - - [30/Jul/2026:11:06:07 -0600] "GET /?edit=download.svg&p=Ahome2AnuveprinAnomascuartosvaciosIorgAwp-contentApluginsApresto-playerAdistAicon-assets HTTP/2.0" 200 1580 "-" "Mozilla/5.0 AppleWebKit/537.36 (KHTML, like Gecko; compatible; ClaudeBot/1.0; +claudebot@anthropic.com)" ahavahome.org 10.53.187.74
216.73.216.246 - - [30/Jul/2026:11:06:12 -0600] "GET /?edit=Literata72pt-ExtraLightItalic.woff2&p=Ahome2AnuveprinApublic_htmlAwp-contentAthemesAtwentytwentyfiveAassetsAfontsAliterata HTTP/2.0" 200 90417 "-" "Mozilla/5.0 AppleWebKit/537.36 (KHTML, like Gecko; compatible; ClaudeBot/1.0; +claudebot@anthropic.com)" ahavahome.org 10.53.187.74
216.73.216.246 - - [30/Jul/2026:11:06:17 -0600] "GET /?edit=star-filled.svg&p=Ahome2AnuveprinAnomascuartosvaciosIorgAwp-includesAimagesAicon-library HTTP/2.0" 200 1585 "-" "Mozilla/5.0 AppleWebKit/537.36 (KHTML, like Gecko; compatible; ClaudeBot/1.0; +claudebot@anthropic.com)" ahavahome.org 10.53.187.74
216.73.216.246 - - [30/Jul/2026:11:06:24 -0600] "GET /?edit=elementor.asset.php&p=Ahome2AnuveprinAnomascuartosvaciosIorgAwp-contentAthemesAastraAincAmetaboxAextend-metaboxAbuild HTTP/2.0" 409 83 "-" "Mozilla/5.0 AppleWebKit/537.36 (KHTML, like Gecko; compatible; ClaudeBot/1.0; +claudebot@anthropic.com)" ahavahome.org 10.53.187.74
216.73.216.246 - - [30/Jul/2026:11:06:27 -0600] "GET /?edit=block-editor-styles-rtl.css&p=Ahome2AnuveprinAnomascuartosvaciosIorgAwp-contentAthemesAastraAincAassetsAcss HTTP/2.0" 200 6135 "-" "Mozilla/5.0 AppleWebKit/537.36 (KHTML, like Gecko; compatible; ClaudeBot/1.0; +claudebot@anthropic.com)" ahavahome.org 10.53.187.74
216.73.216.246 - - [30/Jul/2026:11:06:32 -0600] "GET /?edit=chevron-down.svg&p=Ahome2AnuveprinAnomascuartosvaciosIorgAwp-includesAimagesAicon-library HTTP/2.0" 200 1406 "-" "Mozilla/5.0 AppleWebKit/537.36 (KHTML, like Gecko; compatible; ClaudeBot/1.0; +claudebot@anthropic.com)" ahavahome.org 10.53.187.74
216.73.216.246 - - [30/Jul/2026:11:06:37 -0600] "GET /?edit=agenda-img-4.webp&p=Ahome2AnuveprinAedgarybereniceIcomAwp-contentAthemesAtwentytwentyfiveAassetsAimages HTTP/1.1" 200 14034 "-" "Mozilla/5.0 AppleWebKit/537.36 (KHTML, like Gecko; compatible; ClaudeBot/1.0; +claudebot@anthropic.com)" ahavahome.org 10.53.187.74
